/(-340)*2). Suppose d*n - 520 + 10 = 0. Calculate the remainder when 237 is divided by n.
12
Suppose -4*d + 5*g = -417, -3*g + 99 = d + g. What is the remainder when 1936 is divided by d?
82
Let z = -495 + 551. Suppose 2*f + z = 3*w + f, -w + f + 20 = 0. Let o(d) = 5*d**2 - 5*d + 3. What is the remainder when o(3) is divided by w?
15
Let x = 82 + -73. Let s(d) = -d**2 + 3*d + 18. Let n be s(x). Let r = 61 + n. Calculate the remainder when 47 is divided by r.
22
Let a(y) = -98*y - 1615. Calculate the remainder when 198 is divided by a(-17).
45
Let x(h) = 3*h**2 - 321*h + 5261. What is the remainder when 7420 is divided by x(20)?
40
Let r = 98 - 81. Suppose -582 = -r*d + 15*d. Calculate the remainder when d is divided by 14.
11
Let r(q) = -q**3 + 18*q**2 - 13*q - 19. What is the remainder when r(17) is divided by 2/(-5) - (-10664)/310?
15
Suppose 996 = 5*a + 169*k - 168*k, 2*a - 404 = k. Calculate the remainder when a is divided by 64.
8
Suppose -4*r + 1220 = 4*d, 88 = 2*r + 4*d - 528. Calculate the remainder when r is divided by 38.
36
Let w be (1 - -2)*1 + -193. Suppose 42*y - 514 + 13492 = 0. Let i = w - y. What is the remainder when i is divided by 24?
23
Let h be ((-14)/28)/(1/(-554)). Let s = 285 - h. Calculate the remainder when 124 is divided by s.
4
Suppose -5*t = -4*t - 14. Let j(p) = p**3 + 7*p**2 + p - 3. Let u be j(-6). Let c = 35 - u. What is the remainder when t is divided by c?
6
Let t = -46 + 25. Let o = 23 + t. Calculate the remainder when 97 is divided by ((-1 - 1)/o)/1 + 34.
31
Calculate the remainder when 205 is divided by 9 + (-570)/75 - (-2)/(-5).
0
Suppose -3*y + 16 = -2*g, y + 3*y - 14 = -g. Let h(j) = -j**3 - 3*j**2 - 9*j - 1. What is the remainder when h(-3) is divided by (4 - 11)*g*(-4)/(-8)?
5
Let m = 68 - 27. Suppose -4*q = u + 2*u - 203, -4*q - m = -u. Suppose -2*g - b = -u, -2*b - 20 = 2*b. Calculate the remainder when g is divided by 12.
9
Let u be -3*(-6)/(-9) + (-140)/(-7). Suppose 14 = 8*i - u. Let a = 15 + 7. What is the remainder when a is divided by i?
2
Let m = 197 - 197. Suppose 3*t - 757 = -5*g, -g - 4*t + 216 - 68 = m. What is the remainder when g is divided by 31?
28
Suppose -8*k + 1457 = -3*k + 982. What is the remainder when k is divided by ((-14)/(-6))/((-2)/(-12))?
11
Suppose -3033 - 24903 = -13*l - 11*l. What is the remainder when l is divided by 109?
74
Let c = -12101 - -12484. Calculate the remainder when c is divided by 7.
5
Let u be (43 - 17)*1/2. Suppose 2*l = -u*l + 195. Calculate the remainder when 103 is divided by l.
12
Let f be 3 - (-1 + (2 - -2)). Let u = f + 14. Calculate the remainder when 1 + 44 + 60/(-12) is divided by u.
12
Let d(h) = -320*h - 2816. What is the remainder when 338 is divided by d(-9)?
18
Suppose 0 = -83*s + 110*s - 18198. Calculate the remainder when s is divided by 15.
14
Suppose -4*a + 3338 = -0*i + 2*i, 2*i = 2*a - 1666. Suppose 27*v = 21*v + a. What is the remainder when v is divided by 42?
13
Let p = -21350 - -21666. What is the remainder when 436 is divided by p?
120
Let p(x) = -29*x**2 - 2*x + 0 + 27*x**2 - 17*x - 1. Calculate the remainder when 157 is divided by p(-9).
5
Let k(m) = -122*m + 1506. Calculate the remainder when 133 is divided by k(12).
7
Let p be (-168)/((-3)/3 + 5/10). Suppose -186 = -2*j + 10*r - 6*r, -4*j - r = -p. What is the remainder when j is divided by 43?
42
Suppose 926 = 2*z + 5*g - 352, -z - 4*g + 633 = 0. Calculate the remainder when z is divided by 21.
19
Suppose -16*v = -18 - 462. Suppose 0 = 10*j - 23*j + 1820. What is the remainder when j is divided by v?
20
Suppose q = -9*d + 6*d + 67, 4*q + 5*d - 289 = 0. What is the remainder when 308 is divided by q?
4
Let f(b) = 5*b**2 + 27*b + 873. Calculate the remainder when f(-19) is divided by 114.
113
Let w(j) = -28*j + 26 + 17*j - 4*j - 3*j. Let n be w(-5). Let l = n + -3. What is the remainder when l is divided by 38?
37
Let j(k) = -3*k - 37. Let l be j(-7). Let f be 3/(-3) + l + (-4 - 0). What is the remainder when 1390/15 + 14/f is divided by 31?
30
What is the remainder when ((0 - -804) + 5 - 9)*(2 - 1) is divided by 61?
7
Let c = 4619 - 4601. Suppose -2*o + 83 = -35. What is the remainder when o is divided by c?
5
Let x be -9 + (10 - (-6 + 2)). Suppose x*i - 58 = 127. Calculate the remainder when i is divided by 14.
9
Suppose 303 = 4*p + 67. Let f = -40 + p. Suppose -115 = 6*z - 337. What is the remainder when z is divided by f?
18
Calculate the remainder when 80*(14/112 - 513/(-120)) is divided by 147.
58
Let p = -1169 - -1273. What is the remainder when p is divided by 95?
9
Suppose -7 = 5*r + 13, -d = 2*r + 8. Suppose 6*u + 69 - 1113 = d. Calculate the remainder when u is divided by 44.
42
Suppose -3136 = -5*g - p, 3160 = -13*g + 18*g - 5*p. What is the remainder when 1265 is divided by g?
9
Let q(f) be the third derivative of f**6/120 + 2*f**5/15 + f**4/8 - 19*f**3/6 + 202*f**2. What is the remainder when 53 is divided by q(-7)?
8
Suppose -3*q + 2*j + 472 = 0, 99*q = 95*q + 2*j + 632. What is the remainder when 479 is divided by q?
159
Let j = -3729 + 3871. What is the remainder when j is divided by 51?
40
Suppose -3 = -h, 8*i - 1112 = 2*h - 238. What is the remainder when i is divided by 27?
2
What is the remainder when 66/4 - 3/2 is divided by 494/65 + (-24)/40?
1
Let k be (-1 + 3)/(2/4 - 0). Suppose 12*t - 504 = k*t. Calculate the remainder when t is divided by 34.
29
Calculate the remainder when 8 + ((-11)/4)/((-44)/58608) is divided by 1221.
8
Suppose 0 = -8*h + 655 + 337. Calculate the remainder when 401 is divided by h.
29
Suppose 2*p = -2*p. Suppose -i + 5 = -p*i. Suppose -18*k = 3*f - 135, -115 = -k - f - 110. Calculate the remainder when k is divided by i.
3
Let b be 2/5 - ((-360)/(-25) + 2). Let y = b - 93. Let g = 158 + y. What is the remainder when 193 is divided by g?
46
Let g(r) be the second derivative of r**4/12 + r**3/3 + 5*r**2/2 - 22*r. Suppose 5 = 3*x - 4. Calculate the remainder when g(0) is divided by x.
2
Suppose 0 = 5*d + 3*r - 18082, 305*r - 301*r = -4*d + 14464. What is the remainder when d is divided by 1804?
9
Suppose -4*w + 78 = -o - 6, -3*o - 202 = -2*w. Let z = o + 131. Let s = -55 + z. What is the remainder when 58 is divided by s?
10
Suppose o = -3, -4*s + o = -67 - 24. Let m(l) = l**3 - 25*l**2 + 71*l - 32. What is the remainder when 151 is divided by m(s)?
73
What is the remainder when ((-1899)/(-4))/((-90)/36 - 22/(-8)) is divided by 28?
23
Suppose -26*w + 30*w = -3*a - 8, 5*w = 4*a - 10. What is the remainder when 195 is divided by (w/(-6) - (-2590)/42) + -1?
12
Let w(l) = 9*l + 12. Suppose -2*a = 4*c - 32, -2*c = -4*c - 5*a + 24. Let g be w(c). Let b = g + -52. What is the remainder when 112 is divided by b?
20
Suppose -9 = 5*y - 694. What is the remainder when y is divided by -3 + 28/(-4) - -45?
32
Let j = -1116 + 1146. Calculate the remainder when 536 is divided by j.
26
Let s = 7889 + -7871. Calculate the remainder when 545 is divided by s.
5
Suppose 355*l = 3205 + 10096 + 61959. What is the remainder when 525 is divided by l?
101
Suppose -12*h + 3450 = -126. What is the remainder when h is divided by 3 + -7 + 17 - (1 + 2)?
8
Suppose -g - 133 = c - 180, 2*g = 4*c - 164. Calculate the remainder when 211 is divided by c.
39
Suppose -16*o + 205 = -11*o. Suppose -o = -5*i - 4*f, -i = 2*i - 4*f + 1. Suppose 51 = l + 2*l. Calculate the remainder when l is divided by i.
2
Suppose 106*b + 48*b - 97020 = 0. What is the remainder when b is divided by 25?
5
Let m(q) = 7*q**2 - 7*q - 41. Let i be m(-6). Let z = 8 + i. What is the remainder when z is divided by 24?
21
Suppose -4*b + y - 3*y + 32 = 0, 2*b - y - 8 = 0. Suppose -46 = -b*n + 8. Let d(o) = 3*o**2 - 19*o + 6. Calculate the remainder when d(n) is divided by 27.
24
Suppose 40166 = 19*g + 9200 - 87822. What is the remainder when g is divided by 13?
12
Suppose -4*n - 52 = -k - 7*n, 5*k + 3*n - 308 = 0. What is the remainder when 1541 is divided by k?
5
What is the remainder when 2*17/(544/(-80))*(-5)/1 is divided by (0 - (1 + 15))*-1?
9
Suppose 0 = -2*x + 4*d + 1070 + 396, -4*x = -2*d - 2920. Calculate the remainder when x is divided by 73.
72
Suppose -12*r + 169 = -47. Suppose 15*v + 102 = 21*v. Calculate the remainder when r is divided by v.
1
Let d be (15/10)/((-6)/8). Suppose -2*t